5)/((-4)/(-10)). Let c = 1 + d. Suppose c*a - 190 = -0*a. What is the remainder when a is divided by 10?
8
Suppose 0 = -3*a + 3, 5*j = -a - 2*a + 53. Suppose 4*x - 2*r = 34, -2*x + 3*x + 2*r + 4 = 0. What is the remainder when j is divided by x?
4
Let l be (2/(-7))/((-2)/14). Suppose 6*k = l*k + 12. Calculate the remainder when 8 is divided by k.
2
Let b(a) = 5*a. Let k be ((-3)/(-4))/((-5)/(-20)). Suppose 0 = -y - 4*i + 10, k*y - 4*i + 4 = y. Calculate the remainder when 19 is divided by b(y).
9
Let a be 2*2/(-8)*-6. Calculate the remainder when 34 - a/2*2 is divided by 17.
14
Let w(k) = k**2 + 8*k + 5. Let o be w(-7). Calculate the remainder when 39 is divided by 13 - o*2/4.
11
Let x = -6 - -16. Let i = 0 + x. Suppose s - 90 = -4*s. Calculate the remainder when s is divided by i.
8
Let m(c) = -c**3 + 4*c**2 - c - 1. Let q be m(4). Let g = q - -10. Calculate the remainder when 9 is divided by g.
4
Suppose 2 = 2*r, -3*r - 21 + 2 = -2*j. Suppose -2*p + 0 + 1 = 5*m, -2*m = 4*p - 10. Suppose 0 = p*y + y - 16. What is the remainder when j is divided by y?
3
Suppose 3*o - 6 - 9 = 0. Suppose 5*x - 18 = 2*c, -8*x - c + 17 = -4*x. Suppose 2*n = 3*d - 11 + 3, 14 = o*d - x*n. What is the remainder when 2 is divided by d?
0
Let c(t) = -4*t + 3. Calculate the remainder when c(-4) is divided by 7.
5
Suppose 2*s - 1 = 25. Let k = -18 + s. Calculate the remainder when 26 is divided by ((-126)/(-35))/((-2)/k).
8
Let c = -1 + 6. What is the remainder when 12 is divided by c?
2
Let u(b) = 16*b**2 - 4*b + 3. Let l be u(3). Suppose -4*p = 5*a - l, 0*p - p = -5. What is the remainder when a is divided by ((-8)/12)/((-2)/24)?
7
Let c(g) = -8*g + 23. What is the remainder when c(-7) is divided by 20?
19
Let j(y) = y**2 + 2*y + 6. Let r = 4 - 8. Let z be j(r). Let t = -9 + z. Calculate the remainder when 7 is divided by t.
2
Let a(t) = t + 1. Let m be (0 + -2)*6/(-3). Let j be a(m). Suppose o = -j + 18. What is the remainder when 24 is divided by o?
11
Let g = -1 - -16. Suppose 2 = 3*z - 10. Calculate the remainder when g is divided by z.
3
Suppose 2*k + 8 = -2*k. Let y be (8 + k)*3/9. Suppose j + y*q - 16 = q, 0 = -j - 3*q + 26. Calculate the remainder when 21 is divided by j.
10
Let u = -1 - 2. Let b = u + 26. Suppose 19 = 5*q - 46. What is the remainder when b is divided by q?
10
Let q(a) = -10*a - 38. Suppose -8 = -4*z, 3*x - z = z + 98. Calculate the remainder when x is divided by q(-5).
10
Suppose -4*f + 39 = -5*s - 0, -3 = -f - s. Let c(n) = -13*n - 11*n**2 + 2 - 3*n**3 + 2*n**3 - 16. Calculate the remainder when c(-10) is divided by f.
4
Suppose -6*y + 16 = -2*y. Let b = 0 - y. Let i(f) = -3*f - 4. Calculate the remainder when 13 is divided by i(b).
5
Suppose 4*p - 5*a - 94 = 0, 0 = -p + 2*p - 4*a - 18. Calculate the remainder when 49 is divided by p.
23
Suppose 0 = 4*a + 4*f - 10 - 14, a - 2*f + 3 = 0. Suppose -2*l = 3*x + 14, -4*l - a - 9 = 2*x. Calculate the remainder when 13/(-2)*(2 + x) is divided by 7.
6
Suppose 2*w = w + 13. Calculate the remainder when 36 is divided by w.
10
Let z(m) = -m + 5. Let j = -10 - -17. What is the remainder when z(-7) is divided by j?
5
Let m(a) be the second derivative of 2*a**4 + a**3/3 - a**2 + a. Let v be m(-2). Let n = 145 - v. Calculate the remainder when n is divided by 14.
13
Calculate the remainder when (57/6 - 4)*2 is divided by 3.
2
Let g(t) = t + 2. Let q be g(-1). Suppose 4*u + 4*h = 16, 0*h = u + 2*h - 9. What is the remainder when 10 + (q - (1 + u)) is divided by 4?
3
Calculate the remainder when 3/((-2)/((-88)/6)) is divided by 18*(8/3 - 2).
10
Let r(p) = -p + 3. Let u be r(0). Suppose -u*y + 100 = -8*y. Let q = -11 - y. Calculate the remainder when 16 is divided by q.
7
Let y = -52 + 64. What is the remainder when 107 is divided by y?
11
Let k(l) = -l**3 + 6*l**2 - l + 7. Calculate the remainder when k(3) is divided by 11.
9
Suppose -t + 13 = -15. Calculate the remainder when t is divided by 10.
8
Suppose -5*l - 6 + 1 = 0. Suppose 2*c + c - 39 = 0. Calculate the remainder when c is divided by (l + 3)*(-20)/(-8).
3
Suppose -3*l - 21 = -51. What is the remainder when (6/9)/((-2)/(-54)) is divided by l?
8
Suppose -4*y + 2*y = -3*c + 45, c - 26 = -3*y. Calculate the remainder when c is divided by 3.
2
Suppose 2*a + 6 = 0, -4*p + 5*a = -2*p - 29. Let q be (-8)/(-14)*49/14. Suppose 2*y - 100 = -q*y. Calculate the remainder when y is divided by p.
4
Let h(z) = z**3 + 7*z**2 - 2*z - 9. Suppose -4*j = 24 + 4. What is the remainder when h(j) is divided by 2?
1
Let r = -4 + 6. Suppose -r*o = -7*o - 5*u + 180, -4*o + 130 = -3*u. Let s(a) = 3*a - 9. Calculate the remainder when o is divided by s(7).
10
Let t = 37 + -23. Let r = -250 - -258. What is the remainder when t is divided by r?
6
Let z = -9 + 13. Suppose 4*u + 4 = -w - 13, -2*w + z*u - 82 = 0. Let h = w + 59. Calculate the remainder when h is divided by 14.
12
Suppose 68 + 107 = 5*z. Suppose -4*a + 28 = -8. What is the remainder when z is divided by a?
8
Let w = 17 + 51. Suppose -3*k + 19 = -w. Calculate the remainder when k is divided by 10.
9
Let g = -30 + 32. Calculate the remainder when g is divided by 1.
0
Calculate the remainder when (3*(-1)/(-9))/((-2)/(-666)) is divided by 19.
16
Let r(a) = 2*a**2 + 5*a**3 - 3*a**3 - 3*a**3 + 0*a**3 - 1. Let c(i) = 5*i. Calculate the remainder when c(1) is divided by r(-1).
1
Suppose 4*d + d = -2*f - 19, -d = 3*f - 4. Suppose 0 = -3*g + 4*q + 15, 2 - 3 = 5*g + 2*q. Calculate the remainder when f is divided by (2/(-6))/(g/(-6)).
1
Suppose 0 = 2*l - l - 4. Suppose -l*t = 16, 2*x - 2*t - 53 = -3*x. What is the remainder when 35 is divided by x?
8
Suppose 15 - 7 = 4*m. Suppose 42 = m*b + b. Calculate the remainder when 39 is divided by b.
11
Suppose 29 = 2*i + 4*c + c, 0 = -5*c + 5. Calculate the remainder when ((-276)/(-18))/((-2)/(-3)) is divided by i.
11
Let v(c) = -c + 2. Let o be v(-12). Let k = o + -11. Calculate the remainder when 7 is divided by k.
1
Let c = 3 + 11. What is the remainder when 40 is divided by c?
12
Let h = -14 - -28. Calculate the remainder when h is divided by 8.
6
Suppose 0 = -5*m + 46 - 1. Suppose i + 8 = 23. What is the remainder when i is divided by m?
6
Suppose 5*m - 15 = 30. Let r = 10 - -7. Calculate the remainder when (-5)/((-15)/m) + 46 is divided by r.
15
What is the remainder when 44 is divided by 2 + -21*10/(-15)?
12
Suppose 0 = 7*n - 2*n - 70. What is the remainder when 25 is divided by n?
11
Let u(v) = v**3 - 14*v**2 + 27*v - 15. Calculate the remainder when 82 is divided by u(12).
19
Let p(j) = -j**3 - 6*j**2 - 5*j - 4. Let g be p(-5). Calculate the remainder when (-4 - 2)/3*-11 is divided by (g/10)/((-1)/30).
10
Suppose -47 = -3*l + 2*l. What is the remainder when 92 is divided by l?
45
Let o(y) be the second derivative of y**4/12 + 5*y**3/6 + 3*y. Calculate the remainder when 17 is divided by o(-6).
5
Suppose -2*v + 0*v - 2 = s, -2*s = -4. What is the remainder when 13 is divided by v/4 - (-33)/6?
3
Suppose 6*g - 36 = 3*g. Suppose 0 = -4*s - 5*j - 16 - 87, 4*s + 85 = j. Let c = -15 - s. Calculate the remainder when g is divided by c.
5
Let z = -2 - 0. Let v be (-16)/6*3/z. Suppose 44 = 4*s - 2*i, 7*s - 2*i - 31 = v*s. Calculate the remainder when 38 is divided by s.
12
Let o(f) = -2*f**3. Let t = -8 - -18. What is the remainder when ((-183)/(-15))/(2/t) is divided by o(-2)?
13
Let h = -7 + 7. Suppose h = 2*s - 55 + 11. Calculate the remainder when s is divided by 8.
6
Let y(d) = -d**2 + 6*d + 4. What is the remainder when 38 is divided by y(4)?
2
Let b = -7 - -14. Suppose 0*o + 5*o = 65. Calculate the remainder when o is divided by b.
6
Suppose -t + 4*w = -63, t + 2*t - 4*w = 157. What is the remainder when t is divided by 16?
15
Suppose 5*k - 21 = 29. Let u = 10 + -4. What is the remainder when k is divided by u?
4
Let t(l) = l**2 - l - 4. Let i be ((-4)/(-2))/((-2)/(-3)). Suppose 0 = r - 3*p - 10, 3*r - i = -4*p - 12. What is the remainder when t(3) is divided by r?
0
What is the remainder when -1*4/(12/(-93)) is divided by (-47)/(-3) + 5/15?
15
Let w = -5 - -5. Calculate the remainder when 52 + w/1 + -2 is divided by 13.
11
Suppose 3*q - 75 = -3*s, 33 = 3*q - s - 30. Let l = -25 - -18. Let c = q + l. Calculate the remainder when 29 is divided by c.
14
Calculate the remainder 